uppose -597 + 111 = -54*r. Suppose 3*t - 48 = 3*o, 2*o + 3*o - 2*t + 92 = 0. Let l = r - o. What is the units digit of l?
9
Let m = -53 - -56. Suppose -4*i + 1541 = -m*j, 3*i - 3*j = 4*i - 404. What is the units digit of i?
9
Let g(t) = -2*t**2 + 67. Suppose -4*h + 5*h + 2*c + 18 = 0, -4 = 2*c. Let u be 1 + h/18 + (-12)/54. What is the units digit of g(u)?
7
Suppose 3*x = 9, -5*q - 28 = -x - 430. What is the hundreds digit of 34452/q + (-2)/6?
4
Let b = -23131 - -34240. What is the units digit of b?
9
Suppose 5*o + q = 35191, 2 = -57*q + 59*q. What is the units digit of o?
8
Let r(s) = 2*s**2 - 23*s - 11. Let w(v) = -3*v**2 - 4 + 11 - 3*v + 4*v**2 + 8. Let x be w(0). What is the units digit of r(x)?
4
Let x(t) be the second derivative of t**3/2 + t**2/2 - 5*t. Let d be x(8). Suppose -o + d = 5. What is the units digit of o?
0
What is the tens digit of 11 - 585184/(-20) - 3/15?
7
Let n be (-4 - 2)*(-87)/6. Let a = -138 - -113. Let t = a + n. What is the tens digit of t?
6
Suppose 23*k - 31*k + 72 = 0. What is the units digit of (45/k)/((-2)/(-106))?
5
Let o(r) = r**2 - 17*r - 28. Let f(m) = 3*m**2 + 36*m - 17. Let c be f(-13). What is the tens digit of o(c)?
8
Let w(z) = 290*z + 233. What is the tens digit of w(13)?
0
Suppose 0 = -5*q + 30. Suppose -2*h = h + q, -3*k = 2*h - 203. What is the tens digit of k?
6
Let f(h) = -12507*h**3 + h**2 + 2*h + 4. Let j be f(2). What is the hundreds digit of (2/6)/((-42)/j)?
7
Suppose -3*h + h + 398 = 0. Suppose -u - 3*u + 3*o - h = 0, 0 = -4*u - 2*o - 214. Let s = -18 - u. What is the units digit of s?
4
Let r(z) = -3*z - z - 12 - 30 + 0*z. Let m be r(-23). Suppose -k - 4*k + m = 0. What is the tens digit of k?
1
What is the tens digit of (-27 + 11)/32 - (-4990)/4?
4
Let x(k) = 3*k**2 - 34*k + 1118. What is the tens digit of x(56)?
2
What is the thousands digit of (-744)/(-248) + (-39135)/(-1)?
9
Suppose 0 = q + 3*d + 1361, -7*q + 4091 = -10*q - d. Let f = -584 - q. What is the units digit of f?
0
Let x(w) = 391*w + 1831. What is the thousands digit of x(12)?
6
Let i = -448 + 448. Suppose l - 324 = -i*l + 4*a, 0 = 3*l + 2*a - 1042. What is the tens digit of l?
4
Suppose 1 = 2*c - 5. Suppose 41 - 32 = c*r. Suppose -a + 2 = q - 68, -5*q = -r*a + 186. What is the tens digit of a?
6
Suppose 2*a = -13 + 9. Let q be (-71 + 9)/(a + 1). Suppose -q = 2*t - 3*t. What is the units digit of t?
2
Suppose -525*b + 1106714 = -973*b + 494*b. What is the thousands digit of b?
4
What is the hundreds digit of (-5 + (24 - -3))*(-4 - -368)?
0
Let k be 6 - 0*6/30. What is the units digit of (310/k + 0)/((-26)/(-78))?
5
Let l = 163 - 171. What is the hundreds digit of 4 + 4/(l/(-294))?
1
Suppose -r = 13*g - 10*g - 54578, 0 = g - 8*r - 18151. What is the hundreds digit of g?
1
Let o(j) = 492*j + 4685. What is the units digit of o(0)?
5
Suppose -5 = -m + t, 2*m - 7 = -0*t + 3*t. Let g be (-1033)/(-15) - m/(-60). Let b = 11 + g. What is the tens digit of b?
8
Let u = 5724 - -5725. What is the hundreds digit of u?
4
Suppose -281*z = -286*z + 15. Suppose 0 = 2*a + c + 279 - 876, -z*c = -3*a + 873. What is the hundreds digit of a?
2
Let h = 4 - -25. Let z = -22 + h. What is the tens digit of (10/5 - z)*(-16 - 1)?
8
Suppose 0 = -7*l + 4251 + 34459. Suppose l = 15*b - b. What is the tens digit of b?
9
Let y(g) be the second derivative of -g**5/20 - 35*g**4/12 + 26*g**3/3 - 5*g**2/2 - 154*g. What is the units digit of y(-37)?
9
Let t(v) = -5*v**2 - 12*v + 25. Let d be t(6). Let l = -73 - d. What is the tens digit of l?
5
Let r = -73 + 97. Let y be (-6 - 5)*r + 2. Let i = y - -377. What is the tens digit of i?
1
Suppose -3*y + 3*a = 6, 3*y = -2*y + 3*a - 14. What is the units digit of (-3 + (1 - 4) - y) + 368?
6
Let t = 7321 - 31. What is the units digit of t?
0
Let g be 8 - -1 - (0 - -4). Let a be 374/g - 12/(-60). Suppose 0*x - 4*y = 5*x - 351, 2*y = -x + a. What is the tens digit of x?
6
Let z(x) = -54*x - 423. Let a be z(-8). Suppose 4*t = -18 - 30. What is the units digit of 292/t*a/(2 - 5)?
3
Let q = 10129 + -6865. What is the thousands digit of q?
3
Suppose 68*s + 39182 - 1181378 = 0. What is the units digit of s?
7
Let w be 22323/(-28)*-4 - 1. Let i = w + -2077. What is the thousands digit of i?
1
What is the tens digit of (12*-2)/(13/(-221))?
0
Let u(a) = -544*a**3 - 2*a**2 - 32*a - 205. What is the hundreds digit of u(-5)?
9
Suppose 20*q - 8683 - 25906 = 96031. What is the thousands digit of q?
6
Suppose -70688 = 42*t - 42*t - 32*t. What is the hundreds digit of t?
2
Let d(k) = -3*k**2 - 23*k + 11. Let j(s) = 2*s**2 + 12*s - 6. Let l(b) = -3*d(b) - 5*j(b). Let z be l(6). Suppose 4*g - 17 = z. What is the units digit of g?
8
Let a(y) = y**3 - 41*y**2 - 40*y - 45. Let s be a(41). Let r = 2616 + s. What is the units digit of r?
1
Suppose 33*n = 28*n + 2*t + 158256, -63294 = -2*n + 2*t. What is the units digit of n?
4
Suppose -13*t - 352 = -2*t. Let d be (-39 - 0) + 8 + -4. Let q = t - d. What is the units digit of q?
3
What is the units digit of 450457/7 + (68 - 58)?
1
Suppose 44*w - 61907 - 50073 = 0. What is the thousands digit of w?
2
Suppose 15*z + 9*z = 25*z - 7483. What is the tens digit of z?
8
Let r be (6*(-4)/16)/((-4)/8). Suppose -4*n + 226 = -2*k - 0*k, r = k. What is the units digit of n?
8
Suppose 0 = 5*i - m - 62327, 56*i - 24921 = 54*i - m. What is the ten thousands digit of i?
1
Suppose 2*r = 5*n - 146030, -468*r = 2*n - 469*r - 58412. What is the ten thousands digit of n?
2
Let g = -386 - -386. Suppose -5*q + 786 = 2*v, q + g*q + 3*v - 152 = 0. What is the hundreds digit of q?
1
Suppose 699 = 3*a + 18. Let q = a - 110. What is the tens digit of q?
1
Suppose -501714 = 61*z - 88*z. What is the thousands digit of z?
8
Let w(b) = -2*b - 21. Let x(f) = f. Let a(n) = w(n) - 3*x(n). Let h be a(-11). What is the hundreds digit of (-3)/(-3)*3*h?
1
Let i(h) = 8*h - 57. Suppose -14 = -17*f + 15*f. Let j be i(f). What is the hundreds digit of (-15)/(-3)*(j - -21)?
1
Let k(z) = 2*z**2 - 13*z + 1. Let h be k(7). Let p(m) = 2*m + 19. Let d(v) = 2*v + 18. Let l(u) = 6*d(u) - 5*p(u). What is the units digit of l(h)?
9
Let z = -2 + -67. Let v = 33 + z. What is the hundreds digit of 8/v + 3 + 893/9?
1
Let p be (-8)/(-3) + -2 - 728/(-6). Let a = p - 114. Suppose 14 = 2*m - t - a, 5*t = 0. What is the tens digit of m?
1
Suppose 6*j - r + 20884 = 4*j, -5*j - 3*r = 52221. What is the hundreds digit of 2/14*-2 - j/21?
4
Suppose -21*b = -8890 + 5996 - 8551. What is the hundreds digit of b?
5
Let x(c) = 3339*c**2 - 220*c - 427. What is the tens digit of x(-2)?
6
Suppose -70*k = -74*k + 4*i + 256956, 4*i - 256900 = -4*k. What is the ten thousands digit of k?
6
Suppose -j = 14*j + 150. Let r(d) = 58*d - 25. Let b be r(j). Let z = -371 - b. What is the tens digit of z?
3
Suppose 33*y - 11*y - 72424 = 0. Suppose -15972 - y = -28*a. What is the tens digit of a?
8
Let k = 0 + -5. Let w(b) = 33*b + 34. Let u(z) = -49*z - 52. Let x(i) = 5*u(i) + 7*w(i). What is the tens digit of x(k)?
4
Suppose -6*y - 24*y = 3*y - 499323. What is the hundreds digit of y?
1
Let i = 183 + -180. Suppose 12 = -i*j, 3*k = k + j + 490. What is the tens digit of k?
4
Suppose -4 = 4*c, -p + 4*c = c - 11. Suppose -p*a + 2 = -30. Suppose -381 = -a*t + t + 3*j, 3*t = -j + 389. What is the units digit of t?
9
Let n(f) = 475*f**2 + 85. What is the thousands digit of n(8)?
0
Let t = 132 + 2151. What is the thousands digit of t?
2
Suppose n + 2 = -0. Let r be (-18)/(-30) + 8946/15 + n. What is the units digit of -1 - -3 - r/(-5)?
1
Let j(o) = o**3 + 22*o**2 + 16*o - 9. Let n(a) = a**3 + 10*a**2 + 2*a - 1. Let y = -9 + -1. Let w be n(y). What is the tens digit of j(w)?
9
Let f = -44863 - -66936. What is the hundreds digit of f?
0
Suppose -5*s = -0*s + 180. Let z = -36 - s. Suppose -3*r + 72 + 42 = z. What is the units digit of r?
8
Let z(a) = -a**3 + 68*a**2 + 9*a + 516. What is the ten thousands digit of z(52)?
4
Suppose -124 - 1132 = -3*f - k, -2*k = -5*f + 2086. Suppose -2*s - 3*x + 842 = 0, s + 3*x = -0*x + f. What is the units digit of s?
4
Let c = 6 - 2. Let a = -8226 - -8976. What is the hundreds digit of a/c - 3/6?
1
Let s = -208 + 163. Suppose -4*q = -4*k + 668, 0 = -4*k - 4*q + 3*q + 683. Let c = s + k. What is the units digit of c?
5
Let c(v) = -v**3 + 5*v**2 + v - 